{"id":1783,"date":"2018-02-23T17:18:00","date_gmt":"2018-02-23T16:18:00","guid":{"rendered":"https:\/\/garsan.synology.me\/wordpress\/?page_id=1783"},"modified":"2018-03-02T18:16:22","modified_gmt":"2018-03-02T17:16:22","slug":"madridista","status":"publish","type":"page","link":"https:\/\/garsan.synology.me\/wordpress\/madridista\/","title":{"rendered":"Madridista"},"content":{"rendered":"<p><a href=\"https:\/\/www.realmadrid.com\" target=\"_blank\" rel=\"noopener\"><img data-recalc-dims=\"1\" loading=\"lazy\" decoding=\"async\" data-attachment-id=\"1920\" data-permalink=\"https:\/\/garsan.synology.me\/wordpress\/madridista\/santiago_bernabeu\/\" data-orig-file=\"https:\/\/i0.wp.com\/garsan.synology.me\/wordpress\/wp-content\/uploads\/2018\/02\/Santiago_Bernabeu.jpg?fit=700%2C393&amp;ssl=1\" data-orig-size=\"700,393\" data-comments-opened=\"1\" data-image-meta=\"{&quot;aperture&quot;:&quot;0&quot;,&quot;credit&quot;:&quot;&quot;,&quot;camera&quot;:&quot;&quot;,&quot;caption&quot;:&quot;&quot;,&quot;created_timestamp&quot;:&quot;0&quot;,&quot;copyright&quot;:&quot;&quot;,&quot;focal_length&quot;:&quot;0&quot;,&quot;iso&quot;:&quot;0&quot;,&quot;shutter_speed&quot;:&quot;0&quot;,&quot;title&quot;:&quot;&quot;,&quot;orientation&quot;:&quot;0&quot;}\" data-image-title=\"Santiago_Bernabeu\" data-image-description=\"\" data-image-caption=\"\" data-medium-file=\"https:\/\/i0.wp.com\/garsan.synology.me\/wordpress\/wp-content\/uploads\/2018\/02\/Santiago_Bernabeu.jpg?fit=300%2C168&amp;ssl=1\" data-large-file=\"https:\/\/i0.wp.com\/garsan.synology.me\/wordpress\/wp-content\/uploads\/2018\/02\/Santiago_Bernabeu.jpg?fit=525%2C295&amp;ssl=1\" class=\"alignleft wp-image-1920 size-full\" src=\"https:\/\/i0.wp.com\/garsan.synology.me\/wordpress\/wp-content\/uploads\/2018\/02\/Santiago_Bernabeu.jpg?resize=525%2C295&#038;ssl=1\" alt=\"\" width=\"525\" height=\"295\" srcset=\"https:\/\/i0.wp.com\/garsan.synology.me\/wordpress\/wp-content\/uploads\/2018\/02\/Santiago_Bernabeu.jpg?w=700&amp;ssl=1 700w, https:\/\/i0.wp.com\/garsan.synology.me\/wordpress\/wp-content\/uploads\/2018\/02\/Santiago_Bernabeu.jpg?resize=300%2C168&amp;ssl=1 300w\" sizes=\"auto, (max-width: 525px) 100vw, 525px\" \/><\/a><\/p>\n<p><span style=\"color: #000080; font-size: 10pt; font-family: verdana, geneva, sans-serif;\"><span style=\"font-size: 12pt;\">Pulsa sobre la imagen para un experiencia completa.<\/span><br \/>\n<\/span><\/p>\n<hr \/>\n<div style=\"width: 450px;\" class=\"wp-video\"><!--[if lt IE 9]><script>document.createElement('video');<\/script><![endif]-->\n<video class=\"wp-video-shortcode\" id=\"video-1783-1\" width=\"450\" height=\"360\" preload=\"metadata\" controls=\"controls\"><source type=\"video\/mp4\" src=\"https:\/\/garsan.synology.me\/wordpress\/wp-content\/uploads\/2018\/02\/Hala-Madrid-y-Nada-M\u00e1s-La-canci\u00f3n-de-la-D\u00e9cima.mp4?_=1\" \/><a href=\"https:\/\/garsan.synology.me\/wordpress\/wp-content\/uploads\/2018\/02\/Hala-Madrid-y-Nada-M\u00e1s-La-canci\u00f3n-de-la-D\u00e9cima.mp4\">https:\/\/garsan.synology.me\/wordpress\/wp-content\/uploads\/2018\/02\/Hala-Madrid-y-Nada-M\u00e1s-La-canci\u00f3n-de-la-D\u00e9cima.mp4<\/a><\/video><\/div>\n<p><span style=\"font-family: georgia, palatino, serif; font-size: 10pt; color: #333399;\"><em>Historia que tu hiciste, historia por hacer, porque nadie resiste, tus ganas de vencer. Ya salen las estrellas, mi viejo Chamart\u00edn. De lejos y de cerca, nos traen hasta aqu\u00ed. Llevo tu camiseta, pegada al coraz\u00f3n los d\u00edas que tu juegas, soy todo lo que soy. Ya corre la saeta, ya ataca mi Madrid. Soy lucha, soy belleza, el grito que aprend\u00ed.<\/em><\/span><\/p>\n<p><span style=\"font-size: 10pt; color: #333399;\"><em><span style=\"font-family: georgia, palatino, serif;\">Madrid, Madrid, Madrid, \u00a1Hala Madrid\u00a1 y nada m\u00e1s, y nada m\u00e1s, \u00a1Hala Madrid!\u00a0Historia que tu hiciste, historia por hacer, porque nadie resiste, tus ganas de vencer Ya salen las estrellas, mi viejo Chamart\u00edn, de lejos y de cerca, nos traen hasta aqu\u00ed. Madrid, Madrid, Madrid, \u00a1hala Madrid \u00a1y nada m\u00e1s, y nada m\u00e1s, \u00a1Hala Madrid\u00a1<\/span> <\/em><\/span><\/p>\n<hr \/>\n<p><span style=\"font-family: georgia, palatino, serif; font-size: 10pt; color: #333399;\"><em>De las glorias deportivas que campean por Espa\u00f1a. va el Madrid con su bandera limpia y blanca que no empa\u00f1a. Club castizo y generoso, todo nervio y coraz\u00f3n, veteranos y noveles, veteranos y noveles, miran siempre tus laureles con respeto y emoci\u00f3n.<br \/>\n<em>\u00a1Hala Madrid!, \u00a1Hala Madrid! Noble y b\u00e9lico adalid, caballero del honor. \u00a1Hala Madrid!, \u00a1Hala Madrid! A triunfar en buena lid, defendiendo tu color. \u00a1Hala Madrid!, Hala Madrid!, \u00a1Hala Madrid!<\/em><\/em><\/span><\/p>\n<p><span style=\"font-family: georgia, palatino, serif; font-size: 10pt; color: #333399;\"><em>Enemigo en la contienda, cuando pierde da la mano sin envidias ni rencores, como bueno y fiel hermano. Los domingos por la tarde, caminando a Chamart\u00edn, las mocitas madrile\u00f1as, las mocitas madrile\u00f1as van alegres y risue\u00f1as porque hoy juega su Madrid.<\/em><\/span><\/p>\n<p><span style=\"color: #333399;\"><em><span style=\"font-family: georgia, palatino, serif; font-size: 10pt;\">\u00a1Hala Madrid!, \u00a1Hala Madrid! Noble y b\u00e9lico adalid, caballero del honor. \u00a1Hala Madrid!, \u00a1Hala Madrid! A triunfar en buena lid, defendiendo tu color \u00a1Hala Madrid!, \u00a1Hala Madrid!, \u00a1Hala Madrid!<\/span><\/em><\/span><\/p>\n","protected":false},"excerpt":{"rendered":"<p>Pulsa sobre la imagen para un experiencia completa. Historia que tu hiciste, historia por hacer, porque nadie resiste, tus ganas de vencer. Ya salen las estrellas, mi viejo Chamart\u00edn. De lejos y de cerca, nos traen hasta aqu\u00ed. Llevo tu camiseta, pegada al coraz\u00f3n los d\u00edas que tu juegas, soy todo lo que soy. Ya &hellip; <\/p>\n<p class=\"link-more\"><a href=\"https:\/\/garsan.synology.me\/wordpress\/madridista\/\" class=\"more-link\">Continuar leyendo<span class=\"screen-reader-text\"> &#8220;Madridista&#8221;<\/span><\/a><\/p>\n","protected":false},"author":1,"featured_media":1787,"parent":0,"menu_order":0,"comment_status":"closed","ping_status":"closed","template":"","meta":{"jetpack_post_was_ever_published":false,"footnotes":""},"class_list":["post-1783","page","type-page","status-publish","has-post-thumbnail","hentry"],"jetpack_sharing_enabled":true,"jetpack_shortlink":"https:\/\/wp.me\/P9EDur-sL","jetpack_likes_enabled":true,"jetpack-related-posts":[],"_links":{"self":[{"href":"https:\/\/garsan.synology.me\/wordpress\/wp-json\/wp\/v2\/pages\/1783","targetHints":{"allow":["GET"]}}],"collection":[{"href":"https:\/\/garsan.synology.me\/wordpress\/wp-json\/wp\/v2\/pages"}],"about":[{"href":"https:\/\/garsan.synology.me\/wordpress\/wp-json\/wp\/v2\/types\/page"}],"author":[{"embeddable":true,"href":"https:\/\/garsan.synology.me\/wordpress\/wp-json\/wp\/v2\/users\/1"}],"replies":[{"embeddable":true,"href":"https:\/\/garsan.synology.me\/wordpress\/wp-json\/wp\/v2\/comments?post=1783"}],"version-history":[{"count":35,"href":"https:\/\/garsan.synology.me\/wordpress\/wp-json\/wp\/v2\/pages\/1783\/revisions"}],"predecessor-version":[{"id":2033,"href":"https:\/\/garsan.synology.me\/wordpress\/wp-json\/wp\/v2\/pages\/1783\/revisions\/2033"}],"wp:featuredmedia":[{"embeddable":true,"href":"https:\/\/garsan.synology.me\/wordpress\/wp-json\/wp\/v2\/media\/1787"}],"wp:attachment":[{"href":"https:\/\/garsan.synology.me\/wordpress\/wp-json\/wp\/v2\/media?parent=1783"}],"curies":[{"name":"wp","href":"https:\/\/api.w.org\/{rel}","templated":true}]}}