{"id":173,"date":"2018-02-11T12:06:33","date_gmt":"2018-02-11T12:06:33","guid":{"rendered":"http:\/\/garsan.synology.me\/wordpress\/?page_id=173"},"modified":"2018-02-16T17:29:44","modified_gmt":"2018-02-16T16:29:44","slug":"ultima-hora-rss","status":"publish","type":"page","link":"https:\/\/garsan.synology.me\/wordpress\/ultima-hora-rss\/","title":{"rendered":"\u00daltima hora (RSS)"},"content":{"rendered":"<section id=\"rss-2\" class=\"widget widget_rss amr_widget\"><h2 class=\"widget-title\"><a class=\"rsswidget rss-widget-feed\" href=\"http:\/\/www.abc.es\/rss\/feeds\/abc_ultima.xml\"><img data-recalc-dims=\"1\" decoding=\"async\" class=\"rss-widget-icon\" style=\"border:0\" width=\"14\" height=\"14\" src=\"https:\/\/i0.wp.com\/garsan.synology.me\/wordpress\/wp-includes\/images\/rss.png?resize=14%2C14&#038;ssl=1\" alt=\"RSS\" loading=\"lazy\" \/><\/a> <a class=\"rsswidget rss-widget-title\" href=\"https:\/\/www.abc.es\/\">\u00daltima hora<\/a><\/h2><nav aria-label=\"\u00daltima hora\"><ul><li><a class='rsswidget' href='https:\/\/www.abc.es\/espana\/andalucia\/cordoba\/cartel-mayo-festivo-cordoba-2026-rinde-homenaje-20260409124906-nts.html'>El cartel del Mayo Festivo de C\u00f3rdoba 2026 rinde homenaje a Julio Romero de Torres con un estilo a\u00f1ejo<\/a> <span class=\"rss-date\">9 abril, 2026<\/span><div class=\"rssSummary\">Una vez pasada la Semana Santa, C\u00f3rdoba inicia los preparativos para su Mayo Festivo, cuyo cartel anunciador ya ha sido presentado. El acto ha tenido lugar este mi\u00e9rcoles y ha contado con la presencia del alcalde, Jos\u00e9 Mar\u00eda Bellido; el delegado de Fiestas y Tradiciones, Juli\u00e1n Urbano; y el artista de la obra, Rafael Castej\u00f3n, [&hellip;]<\/div><\/li><li><a class='rsswidget' href='https:\/\/www.abc.es\/sevilla\/provincia\/dron-ayuda-localizar-anciano-encontraba-desorientado-pilas-20260409125751-nts.html'>Un dron ayuda a localizar  a un anciano que se encontraba desorientado en Pilas<\/a> <span class=\"rss-date\">9 abril, 2026<\/span><div class=\"rssSummary\">La Polic\u00eda Local de Pilas ha localizado este 8 de abril a un anciano de 83 a\u00f1os que se encontraba en paradero desconocido desde la tarde de este mi\u00e9rcoles. Los familiares y vecinos avisaron a Emergencias 112 con un aviso alertando de la \u00ab gran preocupaci\u00f3n \u00bb con la que estaban buscando al var\u00f3n que, [&hellip;]<\/div><\/li><li><a class='rsswidget' href='https:\/\/www.abc.es\/cultura\/musica\/obispado-exige-retirada-imagenes-rapera-tokischa-semidesnuda-20260409125801-nt.html'>El Obispado exige la retirada de las im\u00e1genes de la rapera Tokischa semidesnuda en una iglesia de San Sebasti\u00e1n<\/a> <span class=\"rss-date\">9 abril, 2026<\/span><div class=\"rssSummary\">El Obispado de San Sebasti\u00e1n no ha concedido autorizaci\u00f3n alguna para la grabaci\u00f3n o producci\u00f3n del video de la rapera Tokischa, grabados en el interior de la bas\u00edlica de Santa Mar\u00eda del Coro de San Sebasti\u00e1n, y estudia si estos hechos \u00abpudieran requerir de alg\u00fan tipo de acci\u00f3n jur\u00eddica o can\u00f3nica\u00bb. En un comunicado, ha [&hellip;]<\/div><\/li><li><a class='rsswidget' href='https:\/\/www.abc.es\/play\/television\/noticias\/jesulin-ubrique-colgue-anos-bartulos-cante-vuelvo-20260409125752-nt.html'>Jesul\u00edn de Ubrique: \u00abColgu\u00e9 hace 30 a\u00f1os los b\u00e1rtulos del cante y vuelvo feliz\u00bb<\/a> <span class=\"rss-date\">9 abril, 2026<\/span><div class=\"rssSummary\">A veces la televisi\u00f3n se obsesiona con reinventarse hasta perderse en el intento. Y, sin embargo, hay formatos cuyo secreto no est\u00e1 en parecer nuevos, sino en seguir siendo ellos mismos. Ah\u00ed es donde &#039;Tu cara me suena&#039; sigue a la cabeza y vuelve este viernes m\u00e1s reconocible que nunca, m\u00e1s afinado en su f\u00f3rmula [&hellip;]<\/div><\/li><li><a class='rsswidget' href='https:\/\/www.abc.es\/espana\/andalucia\/andalucia-aumenta-compensacion-economica-miembros-mesa-electoral-20260409163017-nts.html'>Andaluc\u00eda aumenta la compensaci\u00f3n econ\u00f3mica para los miembros de la mesa electoral<\/a> <span class=\"rss-date\">9 abril, 2026<\/span><div class=\"rssSummary\">La Junta de Andaluc\u00eda ha decidido aumentar la cuant\u00eda econ\u00f3mica para los miembros de la mesa electoral de cara a los comicios auton\u00f3micos de este 17 de mayo. En realidad, se trata de una actualizaci\u00f3n con respecto a las votaciones de hace cuatro a\u00f1os, en 2022, para equiparlas a las \u00faltimas elecciones nacionales. As\u00ed pues, [&hellip;]<\/div><\/li><li><a class='rsswidget' href='https:\/\/www.abc.es\/opinion\/cartas-al-director\/cartas-al-director-alarmante-nivel-antisemitismo-20260409125226-nt.html'>Alarmante nivel del antisemitismo<\/a> <span class=\"rss-date\">9 abril, 2026<\/span><div class=\"rssSummary\">En la Tercera publicada el pasado d\u00eda 3, firmada por Mart\u00edn-Miguel Rubio Esteban, el autor mezcla sin distinci\u00f3n conceptos como juda\u00edsmo (religi\u00f3n), pueblo jud\u00edo (grupo \u00e9tnico-cultural diverso), sionismo (doctrina pol\u00edtica con muchas corrientes) y Occidente (concepto hist\u00f3rico-pol\u00edtico muy amplio). Y esto llama a confusi\u00f3n y error porque no todos los jud\u00edos son sionistas, ni todos [&hellip;]<\/div><\/li><li><a class='rsswidget' href='https:\/\/www.abc.es\/espana\/canarias\/detenido-tenerife-presunto-asesino-hombre-sur-gran-20260409125019-nt.html'>Detenido en Tenerife al presunto asesino de un hombre en el sur de Gran Canaria<\/a> <span class=\"rss-date\">9 abril, 2026<\/span><div class=\"rssSummary\">La Polic\u00eda Nacional ha detenido en Tenerife al presunto autor del asesinato de un hombre en la zona de Maspalomas, en el municipio de San Bartolom\u00e9 de Tirajana (Gran Canaria) Se le vincula con la muerte de un hombre en el sur de Gran Canaria, cuya investigaci\u00f3n corre a cargo de la Polic\u00eda Nacional y [&hellip;]<\/div><\/li><li><a class='rsswidget' href='https:\/\/www.abc.es\/sociedad\/gobierno-apuesta-institutos-viajen-campos-concentracion-nazis-20260409123741-nt.html'>El Gobierno apuesta por que los institutos viajen a campos de concentraci\u00f3n nazis para \u00abluchar contra el odio\u00bb<\/a> <span class=\"rss-date\">9 abril, 2026<\/span><div class=\"rssSummary\">La ministra de Educaci\u00f3n, Formaci\u00f3n Profesional y Deportes, Milagros Tol\u00f3n, ha mantenido este jueves un encuentro por videoconferencia con alumnado y profesorado de varios centros educativos que han participado o participar\u00e1n en viajes a campos de concentraci\u00f3n nazis, organizados con la colaboraci\u00f3n de Amical de Mauthausen y otros campos y de todas las v\u00edctimas del [&hellip;]<\/div><\/li><li><a class='rsswidget' href='https:\/\/www.abc.es\/espana\/galicia\/disculpas-trabajadores-cogestion-aeroportuaria-propuestas-oposicion-dea-20260409124646-nt.html'>Disculpas a los trabajadores y cogesti\u00f3n aeroportuaria: las propuestas de la oposici\u00f3n en el DEA<\/a> <span class=\"rss-date\">9 abril, 2026<\/span><div class=\"rssSummary\">En el d\u00eda despu\u00e9s de la primera jornada del Debate sobre el Estado de la Autonom\u00eda (DEA) el foco no est\u00e1 en el hemiciclo, sino en los pasillos del Pazo do H\u00f3rreo. Los grupos parlamentarios registran sus propuestas de resoluci\u00f3n por la ma\u00f1ana y negocian hasta \u00faltima hora para intentar llegar a acuerdos, aunque no [&hellip;]<\/div><\/li><li><a class='rsswidget' href='https:\/\/www.abc.es\/espana\/valencia-espacio-constelacion-satelites-monitorizar-catastrofes-dana-20260409124536-nt.html'>De Valencia al espacio: una constelaci\u00f3n de sat\u00e9lites para monitorizar cat\u00e1strofes como la dana<\/a> <span class=\"rss-date\">9 abril, 2026<\/span><div class=\"rssSummary\">Contar con una cartograf\u00eda precisa de la zona de inundaci\u00f3n, poder analizar im\u00e1genes del terreno independientemente de la meteorolog\u00eda o tener actualizaciones constantes de la evoluci\u00f3n de la cat\u00e1strofe. Todas estas aplicaciones son las que ofrece la compa\u00f1\u00eda Iceye mediante una constelaci\u00f3n de sat\u00e9lites de observaci\u00f3n que, entre otros lugares, fabrica en su planta de [&hellip;]<\/div><\/li><\/ul><\/nav><\/section>\n","protected":false},"excerpt":{"rendered":"","protected":false},"author":1,"featured_media":0,"parent":0,"menu_order":0,"comment_status":"closed","ping_status":"closed","template":"page-fullwidth.php","meta":{"jetpack_post_was_ever_published":false,"footnotes":""},"class_list":["post-173","page","type-page","status-publish","hentry"],"jetpack_sharing_enabled":true,"jetpack_shortlink":"https:\/\/wp.me\/P9EDur-2N","jetpack_likes_enabled":true,"jetpack-related-posts":[],"_links":{"self":[{"href":"https:\/\/garsan.synology.me\/wordpress\/wp-json\/wp\/v2\/pages\/173","targetHints":{"allow":["GET"]}}],"collection":[{"href":"https:\/\/garsan.synology.me\/wordpress\/wp-json\/wp\/v2\/pages"}],"about":[{"href":"https:\/\/garsan.synology.me\/wordpress\/wp-json\/wp\/v2\/types\/page"}],"author":[{"embeddable":true,"href":"https:\/\/garsan.synology.me\/wordpress\/wp-json\/wp\/v2\/users\/1"}],"replies":[{"embeddable":true,"href":"https:\/\/garsan.synology.me\/wordpress\/wp-json\/wp\/v2\/comments?post=173"}],"version-history":[{"count":7,"href":"https:\/\/garsan.synology.me\/wordpress\/wp-json\/wp\/v2\/pages\/173\/revisions"}],"predecessor-version":[{"id":1622,"href":"https:\/\/garsan.synology.me\/wordpress\/wp-json\/wp\/v2\/pages\/173\/revisions\/1622"}],"wp:attachment":[{"href":"https:\/\/garsan.synology.me\/wordpress\/wp-json\/wp\/v2\/media?parent=173"}],"curies":[{"name":"wp","href":"https:\/\/api.w.org\/{rel}","templated":true}]}}